f 9 + -2 - (-48 + 41) - (3 - 2)?
13
What is the value of -14 - (-22 - -7) - 8?
-7
(-3 - -1) + (47 - 40) + (-9 - -27)
23
Calculate (-13 - -38 - 30) + 26.
21
What is (-6 + 9 + -7 + -2 - -1) + 10?
5
What is the value of 0 + 1 + (-28 - -12) + (25 - 8)?
2
Evaluate (3 + 33 - 7) + (17 - (14 + 1)).
31
What is (-8 + (9 - -26) - 9 - 10) + -1?
7
What is the value of -27 + -1 - ((-4 - 13) + 8 + 0)?
-19
What is -2 + 18 + 103 + -108?
11
21 + (-63 + 51 - (2 + -21 + -2))
30
Evaluate (-17 - 1) + (-28 - ((14 - 13) + -19)).
-28
Evaluate -564 + 564 - (-3 - -30).
-27
3 + (-79 - -78) + 2 + 0
4
(6 - ((-6 - -1) + 9 - 3)) + -12
-7
What is the value of (4 - 34) + 10 + -9 + 2 - -8?
-19
What is -10 + 4 - (-13 - -2) - -7?
12
What is the value of (53 + -38 - 49) + 0 + -1?
-35
Calculate 4 - (7 - (-39 - -28)).
-14
Evaluate 3 + (101 - 104 - (0 - -10)).
-10
What is the value of -5 + 5 + 1 + -4 + 6 + -6?
-3
What is 20 - (9 - 30 - -31)?
10
What is the value of -5 + (5 - -5) - 6 - (-1 + 9)?
-9
What is the value of -22 - 0 - (-577 - -559)?
-4
Evaluate -26 + (2 - (-2 + 13 + -5 + -9)).
-21
-466 + 395 - (0 - 47)
-24
Evaluate (7 - -1 - (14 - 2)) + 3.
-1
Calculate 11 - (6 + (3 - (9 + 0))).
11
What is 6 + (5 - 24) - (-9 + -1)?
-3
Evaluate -9 - (-4 - (-4 + -1)) - (-10 - -4).
-4
What is the value of 6 - (16 + -4 - 30) - (-3 - -1)?
26
What is (5 + 1 - -1) + (-31 + 39 - -12)?
27
Evaluate -6 - -18 - (-8 - -6).
14
Calculate -23 - (-1 - -13 - (-4 + (18 - 3))).
-24
Calculate (-23 - (-4 + -6)) + -5.
-18
(4 - 7) + 1 + (201 - 218)
-19
Evaluate 14 - (4 + (-15 - -7) - 5).
23
Evaluate 8 + (9 + -37 - -7).
-13
What is the value of 1 - -23 - (-21 + 42 - 12)?
15
-32 + 10 + 16 + 25
19
What is (-15 - -14) + -2 + -3 + -1?
-7
Calculate (-2 + 10 - (41 + -15 - 28)) + -14.
-4
What is 9 + -8 + -3 + -5 + 0?
-7
What is 12 - (1 - -14) - -9?
6
Evaluate -199 + 197 + 4 + -17.
-15
Calculate 14 + -9 + -3 + 0 + -3.
-1
Evaluate (4 - 13) + (0 - -18).
9
What is 3 + 7 - (15 - -6 - 13)?
2
What is the value of 0 + 0 + -135 + 135 + 1?
1
What is the value of (0 + 1 - (-10 - -19 - 10)) + -1?
1
(-3 + 7 - 5 - -4) + 9 + -3
9
What is the value of (8 - (5 - 0)) + 31 + (-5 - 24)?
5
What is the value of -12 + (-18 - -42) - (1 + 3)?
8
Evaluate -13 + (-14 + -2 - -2) + 19.
-8
Evaluate -2 + (0 - 5 - -12).
5
What is -20 - (22 - 7 - (80 + -27))?
18
1 + 1 - (-6 + 3)
5
What is 1 - -3 - (-20 - -27 - -15)?
-18
Calculate -1 + (14 - 8 - -1) + (0 - -1).
7
Evaluate 0 + -23 + (6 - -2) - -10.
-5
Evaluate 11 - (1 + 21 + 31 + -68 + 30).
-4
Evaluate 10 - (40 + -13 - 16) - (-1 + 25).
-25
57 - 1 - (-607 + 628)
35
Evaluate -11 + 12 + 11 + -9.
3
Calculate -13 + -28 + (-9 - -34).
-16
22 - 18 - (4 + 5)
-5
Calculate -6 - -2 - (10 + (3 - (1 - -9))).
-7
What is 27 + (-15 - (-15 - -10)) - (5 - 0)?
12
24 - (-3 - 12 - -50)
-11
What is 50 + -43 - (1 - -17)?
-11
What is the value of 0 - (10 - (-18 - -9 - -20))?
1
What is the value of 1 + -1 + 0 + 64 + -18 + -60?
-14
What is the value of 5 + (1 - 0) + 0 + 93 + -88?
11
Evaluate -7 + 9 + -3 + 0 + 2.
1
What is the value of 2 + (19 - (11 + (-9 - (3 - 8))))?
14
Calculate -9 + 1 + (-28 - (-6 + -23)) + -4.
-11
Calculate -6 - ((-12 - -8 - -13) + 6).
-21
Evaluate (7 - 2) + -4 - (0 + 15).
-14
What is the value of 14 - (-9 + 18) - (-10 - -3) - 19?
-7
What is the value of 17 + (-32 - -8) + 11?
4
What is 49 - (3 - 1 - -18)?
29
Evaluate -12 - (-7 - ((12 - 8) + -14)).
-15
What is the value of -27 + 3 - (35 - 51)?
-8
Calculate (24 - 1) + -265 + 259.
17
What is -2 + 1 - 1 - -4 - (6 - 14)?
10
-3 - (1 + 0 + -64 + 66)
-6
Evaluate -3 + 20 - (0 - -31).
-14
What is 1 - (5 + (0 - 0) + (-7 - -5))?
-2
Evaluate 3 + 16 + 1 + 2 - 10.
12
What is -31 + -3 + 13 + 30?
9
What is 15 - 9 - (-12 - (9 - 1))?
26
0 - 17 - (-102 + 78)
7
Evaluate 6 + 11 + -22 + 0 + 0.
-5
Calculate -6 - (3 - (9 - (12 + -10))).
-2
7 + -4 + 0 + -15 + (-546 - -573)
15
Calculate -1 + 2 + -39 + -24 + 14 + 20.
-28
Calculate 36 + -9 + -38 + 42.
31
What is the value of (18 - 14) + 8 - (13 + 1 - 6)?
4
-2 + 0 + 2 + -3 + -1
-4
0 - (-5 + 2 - (-34 + 22) - -2)
-11
Calculate (530 - 508) + -1 + -6 - (0 + 12).
3
Calculate 2 + (-6 - -2 - 2) - (-22 + 28).
-10
What is the value of -27 - (17 - 27 - 6)?
-11
What is the value of -26 + (9 - 2) + (28 - 17 - 9)?
-17
Calculate (-43 + 23 - -24) + 16.
20
Evaluate 2 + 1 + 3 + -2 + -7.
-3
What is -1 - (15 - (0 + (9 - 6)))?
-13
What is the value of -9 + (0 - 3) + 5?
-7
What is the value of -7 + 23 + -14 + 10?
12
What is the value of 0 - (8 + (-1 - 5) + 0)?
-2
Evaluate 4 - (4 + -8 + 7).
1
What is (-9 - ((8 - 2) + -17)) + (2 - 3)?
1
What is 19 - (-1 + 8) - 15?
-3
What is the value of -25 - ((-34 - -14) + 11)?
-16
What is (0 - -9) + (48 - 57)?
0
Calculate (39 - (20 + -6)) + (-2 - -5).
28
What is 2 + -3 + -106 + 113 - -15?
21
What is the value of (-1 + -3 + (9 - 10) - 0) + -7?
-12
What is 5 + 5 + -24 + (-2 - (-7 - -12))?
-21
-8 - (-1 + 1 - -12 - 4)
-16
Evaluate 4 - (22 + -10 - 16).
8
Calculate (5 - -2 - (-235 - -252)) + (-1 - -10).
-1
Calculate 0 - -6 - (28 + -33).
11
Evaluate 2 + -9 + 0 + (42 - (-2 + 26)).
11
-8 - (2 - (5 - 0)) - (9 + -4)
-10
What is 41 + -5 + (-7 - (-12 + -1 + 9))?
33
What is the value of -33 - (-49 + 20) - -30?
26
(52 - 3) + -112 + 78
15
Calculate (-370 - -362) + (12 - 0).
4
(-13 - (-10 + 4)) + 0 + 8
1
What is (-5 - ((-2 - -6) + -35)) + -11?
15
Evaluate 1 - 33 - (-36 + 32) - 1.
-29
What is the value of (-18 - (-2 - -3)) + (5 - -9 - 8)?
-13
What is the value of 1 + (-1 - -4) + -7 + 1 + 2?
0
What is the value of (-1 - -2) + 1 + -243 + 250?
9
Calculate 2 - (-1 + 6 - ((17 - 38) + 15)).
-9
What is (-28 - -14) + 20 + -10?
-4
What is the value of -1 + -3 - (-5 - (-3 + 1))?
-1
-92 + 54 + 19 - (-26 + 1)
6
What is -15 - (-2 + -4 + 3)?
-12
Calculate 169 + -160 + -1 + (2 - 3).
7
Evaluate -4 + (-1 - 2) + 38 + -30 + -12.
-11
Calculate -1 - (2 - (6 + (-2 + -15 - -7))).
-7
What is the value of -12 - (-31 + 16 - -8)?
-5
What is -3 + (-3 - -1 - (-18 - (-22 - -9)))?
0
What is the value of (-28 - -2) + 24 + 11?
9
What is (-26 - 15) + 11 + -3 + 20?
-13
Evaluate (1 + 1 - 1) + 13 + -45 + 36.
5
What is -6 + -3 + (12 - 5)?
-2
(8 + -19 - -1) + 18
8
What is the value of (-9 - -1 - -8) + -2 + 6?
4
3 + (27 - -14 - 21)
23
6 - (1 - 0) - (16 + (12 - 18))
-5
Evaluate 1 - (2 + 3 + -24 + 13).
7
What is the value of -1 - 4 - (26 - (-3 + 21))?
-13
Evaluate 1 + -17 + (9 + -7 - -5).
-9
Evaluate -1148 + 1157 + -1 + (-2 - 1).
5
Evaluate -21 + 6 + -34 + 39.
-10
What is 0 + ((7 - 0) + 0 - (224 - 215))?
-2
Evaluate -9 + 10 + (7 - (-4 - -1 - -2)).
9
(-12 + 3 + 11 - 2) + 29 + -10
19
-6 - (-15 + 7) - (-2 - (2 - 3))
3
Evaluate -28 + -9 + 30 + 1 + -2 + -2.
-10
Calculate -32 + (35 - 2 - 14).
-13
What is the value of 10 + 1 - (61 - 69 - (8 + -26))?
1
Calculate (102 - 96) + 3 + -3.
6
27 + 2 + -40 + 45 + -8
26
2 + -3 + -1 + -6 - (-24 + 2)
14
Calculate -61 - (-10 + (23 - 43)).
-31
Calculate -3 - (-13 + (-7 - -19)).
-2
What is the value of 1 - (-124 + 135 - (9 + 1))?
0
-11 + (-4 - 5) + 18
-2
What is the value of -1 + 0 + -5 + (-272 - -270)?
-8
Calculate -2 + 1 + -1 + (7 - 92) + 67.
-20
Calculate 13 + -7 + (0 - -2) - -5.
13
-1 + 27 - ((-2 - 23) + 385 + -365)
31
What is (12 - 9) + -6 - 3?
-6
What is -8 + (3 - 3) + 6 + 9?
7
What is the value of (-9 + 14 - 5) + (-3 - 2)?
-5
What is the value of -9 + 2 - (-23 - (4 + 12))?
32
(-8 - (-4 + 11 + -4)) + 35
24
Evaluate 4 + (12 + -3 - 11) + 15.
17
What is -6 - ((38 - 34) + -2 + 6)?
-14
What is the value of 8 - (182 - 165 - (13 + 1))?
5
What is 366 - 362 - (0 - 9) - 31?
-18
-64 - -62 - (-24 + 1)
21
Calculate 5 - (-3 - -2 - -1) - 14.
-9
Calculate 5 - 1 - (13 - (4 - (-6 - -10))).
-9
Calculate 12 - (-4 + (1 - (9 - (7 - -4)))).
13
What is (1 - (3 - -28 - 7)) + 7 + 0?
-16
What is 6 - (5 + 13 + -1 + 1 + 6)?
-18
What is -4 - (12 - ((42 - 18) + -15))?
-7
Calculate 11 + -15 + 12 - (-3 - 0).
11
What is the value of (13 - 1) + (-107 - -95)?
0
Calculate (11 - ((8 - 11) + 10)) + -4 + 27.
27
Evaluate -15 + 12 + -5 - (-23 - -3) - 2.
10
Evaluate -5 + -5 - (0 + -4 + 4) - 5.
-15
-43 - (2 - (91 + -20))
26
Calculate 27 - (6 + 18) - (-2 - -13).
-8
-1 - 2 - (19 + (-40 - -8))
10
(21 + -6 - -5 - -5) + -2 + -4
19
(-8 - -19) + -6 + 0 - 11
-6
What is 5 - ((10 - 6) + -5) - 7?
-1
7 - (-7 - (3 - 18 - -6))
5
Calculate 4 + 2 - (-44 + 54).
-4
Calculate -9 + -5 + 2 + 9 + -15 + 3.
-15
What 